hest common factor of y and 6?
6
Let y = -7 - 1. Let v = y - -16. Calculate the highest common divisor of 16 and v.
8
Let y be 51*3/9 - 2. What is the greatest common divisor of 3 and y?
3
Suppose -4 - 11 = -5*u. Suppose 70 = u*z + 10. Calculate the highest common factor of 100 and z.
20
Let p(w) = 81*w - 1. Let o be p(1). What is the highest common divisor of o and 10?
10
Let y(i) = i**3 + 5*i**2 - i + 6. Let w be y(-5). Let u be (-4 - (3 - 2))*-11. What is the highest common divisor of u and w?
11
Suppose 8 = -4*r + 5*r. Suppose -4*u = -u - 24. What is the highest common factor of u and r?
8
Let z = -410 + 578. Suppose 2*n = -2*n + 96. Calculate the greatest common divisor of n and z.
24
Let p(t) = -t**2 + 5*t. Let b be p(4). Calculate the highest common factor of 2 and b.
2
Suppose 3*w = 4*w - 275. Calculate the greatest common factor of w and 25.
25
Let k(v) = v**3 + 12*v**2 + 19*v + 1. Let p be k(-10). Let f be ((-4)/(-6) + 0)*33. Calculate the greatest common divisor of p and f.
11
Let o(v) = 11*v**2 - 5*v - 2. Let t be 1*-4 + 9/9. Let n be o(t). What is the highest common divisor of 14 and n?
14
Suppose -4*k + 100 = 4*g - 24, k = -4*g + 46. What is the greatest common divisor of 65 and k?
13
Let f be ((-99)/6)/(2/(-4)). Let y be ((-6)/(-15))/(1/(-5)). Let o = y + 5. Calculate the highest common divisor of o and f.
3
Let l = -13 - -24. Let h be 654/15 - 3/((-60)/8). What is the highest common factor of h and l?
11
Suppose 0*f - 5*f = -720. Suppose 0 = -5*c + 5. Let k be 17 + -1*2 + c. What is the greatest common factor of k and f?
16
Let w = -64 + 46. Let j be -1 + -1 - 4*2. Let i = j - w. What is the greatest common factor of i and 4?
4
Suppose l + 2*l = 90. Let s = 341 - 329. Calculate the greatest common factor of l and s.
6
Let b(h) = 4*h**2 + 14*h + 11. Let l be b(-9). Calculate the greatest common factor of l and 19.
19
Suppose 0*n + 144 = -n + 2*m, -5*n - 3*m = 733. Let p = -94 - n. Let i be (-1)/(-2) + 25/2. Calculate the greatest common divisor of i and p.
13
Let q = 19 - 12. Let w be (28/8)/(2/32). Calculate the greatest common divisor of w and q.
7
Let l(m) = -m**3 - 8*m**2 - 9*m + 6. Let y be l(-7). Suppose 270 = 4*b - 610. Calculate the greatest common factor of y and b.
20
Let f = -10 + 20. Let x = f - 1. What is the greatest common divisor of x and 1?
1
Let f be (-30)/(-4)*(-4)/(-6). Let d = 10 - f. Let r(t) = -t**3 + 5*t**2 + 2*t + 5. Let i be r(5). What is the highest common factor of d and i?
5
Let s be (3 + 7/(-2))*-54. Calculate the greatest common divisor of s and 297.
27
Let t(r) = -r**3 - 8*r**2 - 2*r - 5. Let a be 1/(-4)*-2*-28. Let g = -22 - a. Let i be t(g). Calculate the highest common factor of i and 1.
1
Suppose -2*d = -6*d + 72. Suppose 5*f - 52 = d. What is the greatest common divisor of 126 and f?
14
Let q(t) = -t. Let u(b) = -2*b + 1. Let c(p) = 2*q(p) + 2*u(p). Let y = -6 - -3. Let s be c(y). What is the highest common divisor of s and 10?
10
Suppose 5*d + 10 = -0*d. Let y be 5/d*414/(-15). Calculate the greatest common divisor of y and 23.
23
Let m = -10 + 16. Let d be m/4 + (-393)/(-2). Let t be 12*(3/(-6) - -2). What is the greatest common divisor of d and t?
18
Let z be 7/42 + 22/12. Suppose 3*i + z*i = 85. What is the highest common divisor of i and 136?
17
Let g(h) = h**2 + 2*h + 2. Let v be g(-2). Let s(j) = 20*j - 3. Let b be s(v). Let r be -1 - b/(-3 - -2). What is the greatest common divisor of r and 9?
9
Let s = 75 - 47. Suppose 2*q + 2*q = s. Calculate the highest common factor of 14 and q.
7
Suppose 5*m = 2*o + 124, -2*m + 116 = 3*m + 2*o. What is the highest common factor of 48 and m?
24
Suppose 0 = -6*u + 10*u - 72. Calculate the highest common divisor of u and 45.
9
Let o be (4/(-4))/(-1 - 0). Let l be (0 + o)*16*1. What is the greatest common factor of 48 and l?
16
Suppose 0 = -3*j + j + 8. Let l = 4 - j. Suppose -n + 3*n - 2 = l. Calculate the highest common factor of n and 4.
1
Let r(f) = -12*f - 74. Let w be r(-7). Let m = -83 + 173. What is the greatest common divisor of m and w?
10
Suppose -2*s - 2*d + 12 = 0, 3*s - 2*d = 2*d + 46. Calculate the greatest common divisor of 80 and s.
10
Let r(h) = -3*h**3 - 11*h**2 - 2. Let a be r(-5). Calculate the greatest common factor of a and 7.
7
Let l = 33 - 58. Let v = 64 + l. Calculate the highest common divisor of v and 13.
13
Suppose 7 = -7*k + 8*k. Calculate the highest common divisor of k and 28.
7
Let t(f) = 31*f**2 - 3*f - 2. Let g be t(-1). Calculate the highest common factor of g and 16.
16
Let q(r) be the third derivative of r**5/30 - r**4/12 - 2*r**2. Let m be q(4). Suppose -10*p + 20 + 40 = 0. What is the highest common divisor of p and m?
6
Suppose 0*s - 40 = -2*s. Let n = -5 + s. Let a be 324/20 - 3/n. Calculate the highest common factor of 128 and a.
16
Suppose m + 2 = -4*s, -m - 8 = 3*s - 3. Let w = m + 74. Calculate the greatest common factor of w and 24.
12
Suppose 5*w + q = 33, -w - 4*q + 36 = 3*w. What is the highest common factor of w and 4?
2
Suppose 4*i - 234 = -2*j, -i + j + 6 = -48. What is the highest common divisor of i and 19?
19
Let p(y) = y**2 - 6*y - 7. Let t be p(7). Suppose 0*a + 2*a = -12. Let l = t - a. Calculate the greatest common factor of l and 4.
2
Let i(l) = -l**3 + 8*l**2 - 4*l - 9. Let u be i(7). Suppose 2*b - u = -2*b. What is the highest common factor of 1 and b?
1
Suppose 5*s - 251 = -26. Let q = 0 - -2. Suppose -p = 4*l - 0*p - 74, 2*l = -q*p + 40. What is the highest common divisor of l and s?
9
Let i be 15/(-5)*(-94)/3. Let w = -52 + i. What is the highest common factor of w and 14?
14
Suppose -26 = -2*w + 3*i, 5*w - 3*i - 76 = -i. Calculate the highest common factor of 16 and w.
16
Let w(i) = -i - 2. Let m be w(-4). Suppose 7*h = m*h + 60. Suppose -2*o = -6*c + 4*c - 214, -3*c = -4*o + 429. What is the greatest common factor of o and h?
12
Suppose -3*f + 160 = f. What is the highest common divisor of f and 16?
8
Let g(z) = 4*z + 3. Let s be g(-2). Let t be s/(-10)*(-1 + 5). Suppose -t*k = 3*k - 350. Calculate the greatest common factor of 10 and k.
10
Let r = -11 + 16. What is the greatest common divisor of 50 and r?
5
Let f(q) = q**3 - 4*q**2 - 6*q + 1. Let v be f(5). Let r be 246/9 - v/6. Calculate the highest common factor of r and 28.
28
Let o(g) = 13*g - 5. Let c be o(3). Calculate the greatest common divisor of c and 170.
34
Let j = -3 + 13. Let v be (-1 - 0/3) + j. Calculate the greatest common factor of v and 9.
9
Let c(h) = 2*h + 1. Let b be c(2). Suppose b*r + 3*p = 6, -2*p - 3*p - 6 = 3*r. Calculate the highest common divisor of 24 and r.
3
Let k be -3*8*(-10 + 7). Calculate the greatest common factor of 24 and k.
24
Let m(x) = -1. Let y(q) = -11*q - 4. Let z(u) = -5*m(u) + y(u). Let v be -1*1*2/2. Let c be z(v). Calculate the greatest common divisor of c and 132.
12
Let u(a) be the first derivative of 3*a**2 + 8*a + 1/3*a**3 + 1. Let k be u(-7). Calculate the greatest common divisor of 135 and k.
15
Let q = -10 + 6. Let h(f) = 1 - 3*f - 3 - f. Let p be h(q). What is the highest common factor of p and 14?
14
Suppose 4*a = -4*v + 88, -v - 3*a + a = -20. Let i(w) = 53*w**2 + 2*w. Let l be i(2). What is the highest common factor of v and l?
24
Suppose -4*y - 5 = 7. Let b(t) = t**3 + 2*t**2 - 2*t + 3. Let a be b(y). Suppose w - 17 - 1 = a. What is the greatest common factor of 36 and w?
18
Suppose 0 = 4*v - 4*n, -18 = -4*v - 2*n - 0*n. Suppose v*g = 5*r + 4*g - 63, 3*r - g = 41. Calculate the greatest common factor of r and 143.
13
Let k = 6 + 44. Calculate the greatest common factor of k and 10.
10
Let u(o) = 3*o - 2. Let h be u(4). Suppose -150 = 10*q - 15*q. What is the highest common divisor of q and h?
10
Suppose 2*d - 115 = b, 101 + 15 = 2*d - 2*b. Calculate the highest common factor of d and 19.
19
Let q be (3 - 2) + -2 - -1. Suppose 5*d + 6 - 26 = q. Suppose y + 30 = 3*b, 35 = d*b + 3*y + 8. What is the highest common divisor of b and 1?
1
Let p(w) = -9*w - 37. Let x be p(-7). What is the greatest common factor of x and 130?
26
Suppose 4*g - 2*g - u - 13 = 0, -5*g + 5 = 3*u. Suppose g*x - 8 = q, 2*q - q + 3*x - 20 = 0. What is the greatest common divisor of q and 64?
8
Suppose -b + 3 = -4. Let f be (99/18)/(1/14). Calculate the greatest common divisor of f and b.
7
Let w = -